 is -1 + 231010303?
231010302
In base 6, what is 1532 - -1022?
2554
In base 11, what is -13644 - 32?
-13676
In base 2, what is -10 - 10111111000111?
-10111111001001
In base 10, what is -4303534 - 0?
-4303534
In base 12, what is -4b - -283?
234
In base 2, what is 101 + -100001000011100001?
-100001000011011100
In base 16, what is 563a + -1?
5639
In base 6, what is -2 - -210555?
210553
In base 15, what is a - 986?
-97b
In base 14, what is 28 + -19c3?
-1999
In base 12, what is -457 + -53?
-4aa
In base 13, what is -1 - -40a53?
40a52
In base 9, what is -4 - -4250?
4245
In base 3, what is -1120 - 201110000?
-201111120
In base 11, what is -1830 + 73a?
-10a1
In base 9, what is 2161 + -573?
1477
In base 12, what is -41 + 693?
652
In base 4, what is -13 - -3?
-10
In base 12, what is a6 + -12b33?
-12a49
In base 3, what is 10011221210 + -21?
10011221112
In base 7, what is -251311 - 10?
-251321
In base 9, what is 1 - 352186?
-352185
In base 4, what is -11 + 121212?
121201
In base 2, what is -10001 + 100101101101010?
100101101011001
In base 12, what is 16742 + b?
16751
In base 15, what is 3234 - 2?
3232
In base 13, what is -1 + 278b7a?
278b79
In base 13, what is -2b7 - -7?
-2b0
In base 16, what is 3019d - 3?
3019a
In base 15, what is 0 + -a9394?
-a9394
In base 6, what is 1323412 + 5?
1323421
In base 9, what is -152112 - -8?
-152103
In base 10, what is 14826 - 26?
14800
In base 16, what is -1e37 - 97?
-1ece
In base 6, what is -45324 - -102?
-45222
In base 5, what is 10103 - 22?
10031
In base 6, what is 5 + -433031?
-433022
In base 2, what is 110101111100010 - -110010?
110110000010100
In base 9, what is -5 - 5285?
-5301
In base 7, what is 1056605 - 5?
1056600
In base 8, what is -2476 + 225?
-2251
In base 3, what is 2212 - -220022121?
220102110
In base 5, what is 312 + -1410?
-1043
In base 15, what is -8 - 1397?
-13a0
In base 16, what is 231f - -1a?
2339
In base 13, what is -16 - -188?
172
In base 10, what is -9 - -12808?
12799
In base 6, what is 45 + 30250?
30335
In base 3, what is 1011011 - -10111210?
11122221
In base 6, what is -15425 + -205?
-20034
In base 15, what is -75 + 67e?
609
In base 8, what is -11146 + 17?
-11127
In base 7, what is -1343403 - 10?
-1343413
In base 10, what is 10901 + 0?
10901
In base 4, what is 32 - -100?
132
In base 11, what is -122769 + 1?
-122768
In base 10, what is 4 + 16160?
16164
In base 15, what is 1c + -7508?
-74db
In base 12, what is -18b515 - -3?
-18b512
In base 2, what is 1001101100101010 + 10?
1001101100101100
In base 9, what is 10 - 8870?
-8860
In base 3, what is 2020200 + 1012221?
10110121
In base 3, what is -102121011 + 12?
-102120222
In base 12, what is -4 - -7ba5?
7ba1
In base 4, what is -10023 - -12211?
2122
In base 3, what is 20 - 1022102?
-1022012
In base 13, what is -15c - -340?
1b1
In base 4, what is -100331031 + -3?
-100331100
In base 7, what is -33 + 13234?
13201
In base 13, what is -506 - -132?
-3a4
In base 4, what is -2 + -21310132?
-21310200
In base 14, what is 1c - -5280?
529c
In base 13, what is 870b + -9?
8702
In base 15, what is -2104 - -24?
-20d0
In base 6, what is -3523 - 1525?
-5452
In base 12, what is 0 - 7a8a2?
-7a8a2
In base 13, what is 5645 + 8?
5650
In base 7, what is -5 + -1405604?
-1405612
In base 4, what is -2131122 + -1?
-2131123
In base 15, what is -25 - -493?
46d
In base 10, what is -386882 - -4?
-386878
In base 2, what is 101101011101000 - -110?
101101011101110
In base 2, what is 1010001110100000 - -110?
1010001110100110
In base 7, what is -3 + 12614?
12611
In base 6, what is -324 + -5203?
-5531
In base 7, what is -53 - 456?
-542
In base 8, what is -16565774 + -1?
-16565775
In base 12, what is 3a603 - -1?
3a604
In base 9, what is -1 + -77558?
-77560
In base 15, what is -13c - -3e5?
2a8
In base 8, what is -43674 + -3?
-43677
In base 6, what is -10531 - -1340?
-5151
In base 11, what is -2540 - -2?
-2539
In base 8, what is 74 - 2?
72
In base 5, what is 102324243 - -11?
102324304
In base 4, what is 3332313 - 1?
3332312
In base 15, what is -9ca - 1?
-9cb
In base 13, what is -8606 + -4?
-860a
In base 16, what is -1e563 + d?
-1e556
In base 8, what is 65 + -232?
-145
In base 6, what is -1 + -30511051?
-30511052
In base 16, what is -19f15 - -1?
-19f14
In base 9, what is 28 - 48317?
-48278
In base 16, what is 5 + 22598?
2259d
In base 12, what is -26b - 26?
-295
In base 2, what is 10 - 1001001100111011000?
-1001001100111010110
In base 3, what is 12 + 10202022122?
10202022211
In base 5, what is -1430 - 24?
-2004
In base 7, what is -25345 + -11?
-25356
In base 6, what is -2 + -305023?
-305025
In base 11, what is -a50312 - -5?
-a50308
In base 7, what is 2524362 - -1?
2524363
In base 8, what is 63 - -2663?
2746
In base 10, what is -35 - 3216?
-3251
In base 10, what is -19739 - 5?
-19744
In base 15, what is 3 + 2bee9?
2beec
In base 7, what is 1016002 + 12?
1016014
In base 2, what is -101111100000 - 1010100?
-110000110100
In base 8, what is 223 - 1454?
-1231
In base 4, what is 122303133 - -11?
122303210
In base 3, what is 2 - 1021021211001?
-1021021210222
In base 7, what is -11 + 31006?
30665
In base 4, what is -13001022 + 22?
-13001000
In base 16, what is -14 + ab1?
a9d
In base 10, what is -60 - 11068?
-11128
In base 11, what is -86 + -432?
-508
In base 11, what is -3657 + -9?
-3665
In base 2, what is 100110110110010 + 1?
100110110110011
In base 9, what is 16521 - 170?
16341
In base 9, what is -1 + 105245?
105244
In base 10, what is 0 - 244309?
-244309
In base 12, what is 11 + 25bb3?
26004
In base 3, what is 1202 - 2121?
-212
In base 7, what is -13514 + -14?
-13531
In base 3, what is 111 - 20012222?
-20012111
In base 4, what is 1010222022 + -1?
1010222021
In base 12, what is -61b + 8?
-613
In base 9, what is -5446 - -6?
-5440
In base 7, what is 225054 - -4?
225061
In base 8, what is 3307 - -207?
3516
In base 4, what is 2 - 22020110?
-22020102
In base 11, what is -1986 - 162?
-2038
In base 2, what is -11 - -11111011000111?
11111011000100
In base 11, what is 35 + a30a?
a344
In base 3, what is -21102201 + 11?
-21102120
In base 15, what is -ad2 + -c?
-ade
In base 4, what is -10 + 100013013?
100013003
In base 5, what is 41401100 + 1?
41401101
In base 9, what is -3 - 223622?
-223625
In base 5, what is -1 - -114142243?
114142242
In base 9, what is 10 + -11745?
-11735
In base 14, what is 31895 + 5?
3189a
In base 5, what is -2 - -400133?
400131
In base 6, what is 33444 + -144?
33300
In base 8, what is 100617 + 3?
100622
In base 8, what is 204 + 45650?
46054
In base 4, what is 120023322 + 1?
120023323
In base 8, what is -5 + -26266?
-26273
In base 7, what is 2352561 - -5?
2352566
In base 11, what is -28 - 1894?
-1911
In base 13, what is -84 + -5a73?
-5b27
In base 6, what is -52511554 - -1?
-52511553
In base 14, what is -1407 + 1b?
-13ca
In base 9, what is 1674 - 20?
1654
In base 8, what is -133 - 3220?
-3353
In base 12, what is 21 - 10893?
-10872
In base 6, what is 134013 - 0?
134013
In base 5, what is 10 - -4224021?
4224031
In base 8, what is 1532 + 46?
1600
In base 13, what is 4442 + 2?
4444
In base 2, what is -1011110 + -1110010100000?
-1110011111110
In base 4, what is -20333101 - 3?
-20333110
In base 3, what is 2102200122 - -211?
2102201110
In base 7, what is 2305150 + -26?
2305121
In base 4, what is 10 - 221310?
-221300
In base 9, what is -35707 - 104?
-35812
In base 6, what is -5 - 2201531?
-2201540
In base 16, what is -1c62 + 5?
-1c5d
In base 3, what is 201 - -2102021100?
2102022001
In base 6, what is -310 + -34?
-344
In base 10, what is 9482 + 16?
9498
In base 10, what is -35775 - 1?
-35776
In base 9, what is -1601 + -32?
-1633
In base 15, what is 73 + 7e?
102
In base 7, what is -54245 + -1?
-54246
In base 6, what is 12135 + -1?
12134
In base 11, what is -52 + -127a8?
-1284a
In base 6, what is 32142 + -15?
32123
In base 14, what is 87dc0 - -5?
87dc5
In base 12, what is -103b - 16?
-1055
In base 3, what is -10120022102 + 12?
-10120022020
In base 7, what is 1423502 + 2?
1423504
In base 3, what is 122220012111 - 0?
122220012111
In base 4, what is -232133031 - -11?
-232133020
In base 15, what is -6 - -1b30?
1b29
In base 4, what is 20123 + 0?
20123
In base 4, what is -103 + -33203?
-33312
In base 4, what is -3 + 103102113?
103102110
In base 2, what is -1001100111110010 - -101?
-1001100111101101
In base 10,